 l(m) = 63*m**3 + m**2 - 3*m + 3. Let o be l(1). Let p = o - -9. What is the remainder when p is divided by 15?
13
Let t(l) = 16*l + 2. Let p(b) = -12*b + 169. What is the remainder when t(3) is divided by p(13)?
11
Let o be 17 - 1*(-3 + (-3)/(-1)). Suppose 2*y - 17 = o. Suppose 3*h + h = 192. What is the remainder when h is divided by y?
14
Suppose -5*q - 13 = 57. Let i = -11 - q. Suppose -5*o + g + 25 = -19, i*g - 28 = -5*o. What is the remainder when 14 is divided by o?
6
Let t(p) = 5*p + 21. Let g be t(-3). Suppose g*q = 68 + 34. What is the remainder when 59 is divided by q?
8
Suppose -3*o - 2*g = -10, -3*o + 9 = -8*g + 11*g. What is the remainder when 33 is divided by (-171)/(-10) + o/(-40)?
16
Let y = 46 - 27. Suppose 0 = 3*j + k - 112, 3*j = -2*k - 38 + 151. What is the remainder when j is divided by y?
18
Suppose -64 = -27*t + 28*t. Let w = t + 120. What is the remainder when w is divided by 15?
11
Suppose 3*y - 5*y = -42. Suppose -54 + 45 = -3*p. Suppose 3*z = u, p*u - 68 = -5*z - 12. What is the remainder when y is divided by u?
9
Let c(x) = -x - 12. Let g(b) = 1. Let r(p) = c(p) + 6*g(p). Suppose 0*j + 46 = -5*n - j, -5*n - 62 = -3*j. Calculate the remainder when 15 is divided by r(n).
3
Calculate the remainder when 381 is divided by ((-152)/(-57))/((-1)/(-54)*3).
45
Suppose -177*t - 5*b = -176*t - 3, -2*t + 5*b = -6. Let l = 6 + 0. What is the remainder when l is divided by t?
0
Let u(k) = 20 + 33*k - 8 + 113*k - 6*k. Let d be u(-10). Calculate the remainder when d/(-16) + (-1)/(-4) is divided by 22.
21
Let h = 21 + 83. What is the remainder when h is divided by 27?
23
Suppose -3*k + 23 = 8. Suppose k*a = 6*a - 5. Suppose -12 = -v + 2*w, -2*w = 3*v + 38 - 98. What is the remainder when v is divided by a?
3
Suppose 263 = 4*q + b, -2*q = -7*q - 2*b + 331. What is the remainder when q is divided by 35?
30
What is the remainder when (1 - 12/(-4)) + (124 - 5) is divided by 21?
18
Suppose 0 = -w - 5*z - 10, -3*w + 2*z - 47 = -0*z. What is the remainder when 25 is divided by (-144)/w - 1*2/(-5)?
5
Let z be (-4)/6 - (-87)/9. Let g be 4*(z - 16/4). Calculate the remainder when 23 is divided by ((-8)/g)/((-2)/60).
11
Let w(d) = 74*d - 657. Calculate the remainder when 44 is divided by w(9).
8
Let w be (-22 - -11) + (-6)/(-2). Let i be -24*-2*2/w. What is the remainder when -43*3*8/i is divided by 22?
20
Let a = -15 - -11. Let w be a/6 - 390/(-18). Let z = w + 15. What is the remainder when z is divided by 19?
17
Suppose 316 = 5*a - 3*m, 0 = -20*a + 16*a + 4*m + 248. Calculate the remainder when 778 is divided by a.
63
Let n(s) = s + 3. Let m = 15 - 13. Let k be n(m). Suppose 0 = 4*p + 8, -2*t + k*p + 6 = -28. What is the remainder when t is divided by 7?
5
Let y = -468 + 478. Calculate the remainder when 798 is divided by y.
8
Suppose 0 = 6*k - 5 - 7. Suppose -5*f = -k*f - 150. Let i = -34 + f. What is the remainder when 79 is divided by i?
15
Let q = 420 + -411. Calculate the remainder when 49 is divided by q.
4
Suppose 18 + 10 = 4*g. Let s(l) = l**2 - 8*l + 12. Let x be s(6). Suppose -5*a + 115 + 55 = x. What is the remainder when a is divided by g?
6
Suppose 0 = -3*j - j + 392. Suppose 5*m = 5*h - h + j, -2*m - h = -34. Calculate the remainder when (51/(-4))/(1/(-4)) is divided by m.
15
Suppose 4 = 2*d, 4*g + 0*d - 10 = -3*d. Let u = g - -8. Suppose b - 33 = -0*b. What is the remainder when b is divided by u?
6
Suppose -175 = -2*c - s, c - 2*c = 2*s - 80. Calculate the remainder when c is divided by 2/18 + (-63940)/(-2070).
28
Let d = -4 + 32. Let f = 830 + -693. What is the remainder when f is divided by d?
25
Let y = -28 - -32. Let g = 26 - 53. Let v = 2 - g. What is the remainder when v is divided by y?
1
Let m(g) = -g**3 + 9*g**2 - 4*g - 26. Let q(l) = -l + 8. Let u be q(6). Calculate the remainder when m(8) is divided by (4/6)/(u/9).
0
Suppose 4*t = 2*o - 68, 2*o - 4*t + 5*t - 48 = 0. Calculate the remainder when 362 is divided by o.
24
Let r(w) = -w + 1. Let h(k) = 8*k - 24. Let y(a) = -h(a) - 6*r(a). Calculate the remainder when y(-9) is divided by (1/(-2))/((-1)/26).
10
Suppose -18 + 97 = v - 3*x, 0 = -4*x + 12. Calculate the remainder when 702 is divided by v.
86
Let r = -34 + 59. Let i(l) = l**3 + 2*l**2 - 30*l + 21. Calculate the remainder when i(5) is divided by r.
21
Suppose 20 = 4*f + 2*a - 22, 4*f = -3*a + 41. Calculate the remainder when 128 is divided by f.
7
Suppose -5*t = -4*n + 138, -15*t = -14*t + 2. What is the remainder when 126 is divided by n?
30
Let p(l) = -8*l - 2*l - 9*l + 21*l**2 + 18*l. Let a = -1 - 0. Calculate the remainder when p(a) is divided by 6.
4
Let g = 3 - -1. Suppose -8*n + 2*y + 14 = -6*n, -y = g*n - 13. Suppose -3*j + 85 = -m, j = 3*j + n*m - 38. Calculate the remainder when 78 is divided by j.
24
Let r = 247 + 2. Suppose -3*y + a = -240, 3*y = -a + 5*a + r. What is the remainder when y is divided by 14?
9
Let j = 9 + 14. Suppose 4*x = 5*b - 83, -2*b - 4*x = -3*b + j. Suppose -10 = -2*o + 2*s, 2*o + 2*s = -o + 20. Calculate the remainder when b is divided by o.
3
Let h(y) = -y**3 + 6*y**2 + 7*y - 2. Let v be h(7). What is the remainder when 54 is divided by ((-133)/14)/(1/v)?
16
What is the remainder when 332 - 1/(-2)*16 is divided by 49?
46
What is the remainder when 159 is divided by (-63)/(-2) + 74/148?
31
Calculate the remainder when 268 is divided by ((-26)/(-1))/(11/(1309/34)).
86
Suppose 0 = 2*m + 2*m - 244. What is the remainder when 118 is divided by m?
57
Let j = 37 + -37. Suppose -4*d + 90 + 74 = j. Calculate the remainder when d is divided by 14.
13
Let z = 15 - 11. Suppose -2*t + 91 - 25 = z*k, 0 = -3*k - 3*t + 54. What is the remainder when (-3 + (6 - 1))*87/6 is divided by k?
14
Let t(j) = -4*j**2 - 11*j + 4. Let z(n) = -7*n**2 - 22*n + 8. Let w(o) = 5*t(o) - 3*z(o). What is the remainder when w(-14) is divided by 20?
18
What is the remainder when (-1)/(-2) + 30/60 - -89 is divided by 39?
12
Suppose 15*f = 4*f + 165. Suppose -f*a + 42 = -333. Calculate the remainder when a is divided by 13.
12
Let n = 5 + -2. Suppose -n*d - 5*h + 35 = -69, 210 = 5*d + h. What is the remainder when d is divided by 11?
10
Suppose 5*q = 3*a + 26, -q - 4*a - 6 + 2 = 0. Calculate the remainder when 2/(-4 - -6) - (-1 - 24) is divided by q.
2
Let z be 3 + 1 + -3 + 3. Suppose -13*o + 54 = -4*o. Suppose -o*t + z*t = -44. Calculate the remainder when 64 is divided by t.
20
Let h = 23 - 23. Let i be h/(-1 + (2 - -1)). Suppose s - 2*v - 9 = i, s - 4*v = 2*s - 3. What is the remainder when s is divided by 4?
3
Let x = -89 + 88. What is the remainder when (0 + x)/(4/(-384)) is divided by 14?
12
Let d = -5 + 1. Let j be d/10 + 164/10. Suppose 0 = 5*g - j - 24. What is the remainder when 23 is divided by g?
7
Let i(k) = -k**2 - 50*k - 141. Calculate the remainder when i(-39) is divided by 73.
69
Let t = 768 + -749. What is the remainder when 530 is divided by t?
17
Let i(p) = 7*p + 103. What is the remainder when 237/4 - (-2)/(-8) is divided by i(-13)?
11
Let t = 132 - 78. What is the remainder when 105 is divided by t?
51
Suppose 20 = 2*j - 0*o - 3*o, -3*j = 2*o - 56. What is the remainder when j is divided by -7*(-10 + (-4 - -13))?
2
Let a be (-4)/14 + -3 + 37/7. Suppose a*u - 2*i + 32 = 3*u, 5*i + 20 = 0. Calculate the remainder when u is divided by 14.
12
Let w be (10/(-20))/(2/(-56)). Suppose 11*z - w*z = -24. Calculate the remainder when 4/(-6) + (-186)/(-9) is divided by z.
4
Suppose 214 = 3*n + 4*d - 123, n - 111 = -d. What is the remainder when n is divided by 31?
14
Suppose -3*y = y - k - 69, -52 = -2*y + 4*k. Suppose -4*x - 3*w = -40, 21*x - 22*x + 5*w - 13 = 0. What is the remainder when y is divided by x?
2
Let w(j) = -8*j + 1. Let k(u) = -24*u + 4. Suppose -5*q + 50 = 5*g, 3*q = 4*q. Let h(m) = g*w(m) - 3*k(m). Calculate the remainder when 27 is divided by h(-2).
13
Suppose 0 = 9*h - 328 - 761. Suppose -2*q + 3*p + 52 = 0, 5*q + 4*p - h = 7*p. Calculate the remainder when 88 is divided by q.
19
Let n(t) = 19*t**2 - 1. Calculate the remainder when n(-2) is divided by 24 + 4/((-36)/45).
18
Let x = 50 - -3. Let h(r) = r**3 - 6*r**2 + 2*r + 3. Let u be h(4). Let k = 35 + u. Calculate the remainder when x is divided by k.
11
Let d = -132 + 217. What is the remainder when d is divided by 30?
25
What 